e -10 - (-27 - -19 - -18).
-20
-34 + -15 + 20 + 41 - (-5 - 46)
63
(22 - 12) + (13 - -27 - 16)
34
17 + 1 - (-76 + (-79 - -117))
56
1 - -57 - ((-94 - -66) + (-22 - -42))
66
What is 53 + (-1 - 22 - 59)?
-29
What is 139 - -102 - 221 - (-40 + -2)?
62
What is the value of -29 - (-24 + (36 - 73 - -63))?
-31
205 + -226 - (7 - 18 - -68)
-78
Calculate 5 + 0 + -4 - (-10 - (-11 - -10)).
10
Calculate 1 + -16 + -1 + (14 - 19).
-21
(35 - 0) + (-59 - (-85 + -35))
96
Calculate 15833 + -15817 - (9 - (-1 - -1)).
7
(-178 - -186) + -2 + 43 - 0
49
Evaluate -3 + -42 - (-7 - -1 - (68 - 68)).
-39
What is 185 + -195 - ((2 - (6 - 9)) + -38)?
23
What is (-23 - -11) + (-36 - -37) + 1 + -58?
-68
Evaluate (6 + 4 - (1 + 2)) + (-22 - 2).
-17
Evaluate (-70 - (-184 - -41)) + 19 + (0 - -3).
95
153 - (-50 - -34) - 83
86
What is (24 - (67 - 64) - 70) + (-1 - 11)?
-61
Calculate (62 + 11 + -2 - -18) + 16 + 5.
110
What is 18 + (7 - 3) + 13 + (10 - 13)?
32
Evaluate (-2 - (2 + 9)) + (-238 - -239).
-12
Calculate -1 - 1 - 2 - (-1993 + 2053).
-64
Evaluate -48 - ((7 - (7 + -24)) + -4 + -8 + 2).
-62
Calculate -3 - (9 - -13) - -3.
-22
Evaluate -8 - ((-5 - (18 - 14)) + -8 + 38).
-29
Evaluate 31 - (-47 + 12 + 19 + (25 - -3)).
19
Evaluate -50 - (-2 + 0 + 16 + -806 + 800).
-58
Calculate -7 + (60 - (82 - 3)) + 1 + 1.
-24
Evaluate -88 + -1 + -43 + 34 + (25 - 0).
-73
Evaluate 29 - -13 - (0 + 1 - -1) - (-3726 - -3730).
36
14 + (32 - 23) + (18 - 29)
12
What is the value of 68 + -54 - 16 - (41 + 1)?
-44
What is the value of 8 + 19 + 2 + (2 - 14) + 1 - 3?
15
What is -114 - -77 - 36 - -13?
-60
(-29 - -3) + -382 + 521
113
What is the value of -39 + (-171 + 43 - -78)?
-89
Evaluate (8751 - 8509) + (0 - 109).
133
What is 205 + -84 + (-28 - 38 - -28)?
83
What is 272 - (301 + -121) - (1 - 16 - 1)?
108
Evaluate 23 + -15 - (-1 - 0 - (-71 + 105)).
43
What is (3 + -2 + -1 - 0) + 12 + -839 + 851?
24
What is -96 - (-94 + (91 - 49))?
-44
Evaluate -27 + 1 + -27 + (31 - (6 - 4)).
-24
What is the value of (54 - (0 - 44 - -90)) + (-53 - (0 + -1))?
-44
Calculate 45 + -7 - (1383 - 1254).
-91
Calculate -23 - (-8 + 5 + -54 + 9).
25
What is the value of (49 - -44 - -28) + 9 + -41?
89
What is the value of 38 + -12 + -3 + (5 - 23)?
5
4190 + -4249 + (32 - 0)
-27
Evaluate -117 + (2 - -37) + 5 - 10.
-83
What is the value of 13 + -18 - (-170 + 202)?
-37
Evaluate -14 + 0 + 72 + -22.
36
What is the value of 17 + -24 + -19 + 13 + 18 + -1 + 71?
75
What is the value of -4 - (3 + (-6 - 0)) - (10 + (-27 - 15))?
31
What is -23 + 40 + 55 - 51?
21
76 + (-45 - (30 - 79))
80
Evaluate -12 - ((87 - 82) + (-1 - 7)) - -40 - 1.
30
26 - 113 - -66 - (11 - 0)
-32
What is the value of -32 + -5 + -1 + 26 + -18 + -7?
-37
What is -26 + (3 - -42) + 10?
29
28 + (-9 - -20) + (-4 - -3)
38
What is -43 + 23 + 16 - 11?
-15
Calculate 64 + 24 + (-6 - (-8 + 13)).
77
What is (13 - (4 - 20 - (11 - 32))) + -4 + -5?
-1
What is the value of -15 - (-15 - (57 - (39 - 71)))?
89
Evaluate 7 - (4 - (3 - (15 - (18 - (-10 - -17))))).
2
112 - (2 - (-71 - -11))
50
What is (-40 - -55) + 11 + -73?
-47
-16 - (-12 - (17 - 20) - 2)
-5
Calculate -21 - (-1 - (-28 + 27)) - 25.
-46
Calculate (13 - (1 - (-13 + 4) - -7)) + -3.
-7
Calculate 3 - ((-108 - (5 + -20)) + (-7 - -28 - 8)).
83
-1 - 45 - (-17655 - -17666)
-57
3 + 11 - (205 - (123 + -29))
-97
What is 1 + -42 + (92 - (62 - -47))?
-58
3 + 59 - (-5 - -3) - (-1 + -17 + 10)
72
What is the value of 1 + 9 + (-5 + (5 - -13) - (-103 - -126))?
0
(5 - 0) + 3609 + -3590
24
Calculate 123 - (120 - (158 - 112)).
49
-52 + 0 + (-3 - (19 + -13 - -4))
-65
What is 1045 + -1033 - (26 - 0) - -16?
2
What is the value of 5 + (5 - 6 - -58) + -8 + -27 + 26?
53
Calculate -23 + 40 + -32 - 19.
-34
What is 50 - (70 + 13 + -24)?
-9
Calculate 196 + -187 + 12 + 3 + (-2 - 15).
7
(-18 - 57) + 57 - -57
39
-5 - (3 + 17 + -18 + (-65 - (-4 - -5)))
59
What is (2 + 105 - -1) + 1946 + -1975?
79
What is the value of -39 + (-3 - -37) + (3 - -5) - 97?
-94
What is -8 - (-100 - -122 - (-4 - -8 - 6))?
-32
(-30 - (-56 + 16)) + -65
-55
Calculate 31 - -1 - (-7 - -20) - 40.
-21
-1329 + 1405 + -1 + -51
24
What is 18 + -43 - -20 - -38 - (10 - -1)?
22
Evaluate (16 - 59) + -27 - (-21 - 9).
-40
Calculate (19 - 2) + (-27 - (-43 + 24)) - 54.
-45
Calculate 6852 - 6799 - (-1 + -30).
84
What is the value of -3 + -4 + (24 - (-6 - -39))?
-16
What is the value of -140 - (-116 + 260 + -325)?
41
Calculate 83 + 75 + -165 + (40 - -2).
35
Calculate -18 + (78 - 67 - -10).
3
Calculate 4 + 1 + -20 + 34 + -8 - (-59 - -2).
68
What is the value of -7 - 3 - (-66 - -74)?
-18
Evaluate 58 + 1 + (-11 + (-12 - -24) - -10).
70
What is -40 - (116 - 168) - -29?
41
What is the value of -19 + (4 + 1 - (-23 + 45)) + -19?
-55
What is the value of 0 - (-11 - ((4 - 18) + 101 + 0))?
98
What is -2701 - -2688 - (-31 + 0)?
18
What is the value of -78 + (-27 + 14 - -24) + -30?
-97
Calculate 124 - (-18 + 181 + -187 + (-1 + -1 - -14)).
136
What is the value of 2 + (23 - (-32 - (-46 + 26)))?
37
Evaluate -101 + 107 + 5 + 0 + -1 + -53.
-43
-28 - (4 - (11 - 3) - (10 - 5))
-19
What is 19 - ((-1 - 52) + 163 + -161 - -5)?
65
What is the value of 9 + 8 + -9 + 2 + (-2 - -27)?
35
What is -3 + (-6 - -3) - (68 - (13 - (17 - 34)))?
-44
Evaluate 85 + -124 + 188 - 106.
43
(18 - (-43 + 4 - -83)) + 132
106
What is -11 + (-77 + 31 - -40)?
-17
Calculate -20 + (0 - ((13 + -12 - 14) + 10)).
-17
What is (196 + -232 - (-57 + 2)) + (-1 - (0 + 1))?
17
6 + -3 + -8 + 3 - (-390 - -396)
-8
(-20 - ((-3 - -1) + -7)) + -5 + -43 + -3
-62
Evaluate 7 - (0 - -35 - (12 + 69 + -98)).
-45
Calculate (4 - -130) + (1016 - 1103).
47
What is (-16 - (-20 + (17 - 4))) + 59?
50
-5 - (-74 + -8 + (37 - 13 - 2))
55
What is -22 + 48 + -70 + 5 + 62?
23
Evaluate 35 + -37 + 11 + -75 + 29.
-37
Evaluate -55 - ((8 - 6) + 0 - 19).
-38
Calculate -14 + (-18 + -3 - -38) + 20.
23
Calculate -63 + -64 + 48 + 97.
18
24 + (-8 + 1 - (6 - 25))
36
Evaluate 9 - (-3 + 3 + 1) - (15 - 10 - -16).
-13
What is (-7 - (-48 - -67)) + (3 - 42)?
-65
What is (-70 - (12 + -26) - -2) + 4 + 1 + -6?
-55
(5321 - 5439) + 32 + -2
-88
82 + -11 + 567 + -603
35
Evaluate -3 + (-1 - -6) - 43 - (-173 - -177).
-45
Calculate -115 + (1 + 141 - 176).
-149
(42 - 40) + -35 - -46
13
Evaluate -2 + -14 + 3 - (-11 + -82 + 32 + -44).
92
What is -49 + -1 + (-9 + 49 - 52)?
-62
Evaluate (-21 - (-1 - 1)) + (-25 - -12 - -1).
-31
What is (-22 - -30 - -7) + (0 - (-6 - -9 - -61))?
-49
-230 + 108 + 127 + (-54 - 2) + 0
-51
What is -7 + -29 + 39 - 29?
-26
Evaluate (-11 - -35) + (20 - (17 - 10 - -5)).
32
What is the value of (-51 - (-2 - -1)) + 22 + (11 - 42 - -16)?
-43
112 - (-4 + 1) - (-412 + 430)
97
What is the value of 2665 - 2660 - (-27 + 0)?
32
What is the value of (9 + -18 + (2 - -10) - -3) + -1?
5
Calculate -8 + (8 - ((22 - 12) + 10)) + -28.
-48
What is -18 - (0 + -3) - (-45 - (-10 - -18))?
38
What is the value of (27 - -15) + (12 - (6 + -62))?
110
Calculate -16 + (-1 - (-1 + 0)) + -3008 + 3026.
2
What is (-25 - 41) + (25 - (21 - -1))?
-63
What is 11 - (75 - 91 - (-2 + -74))?
-49
-67 + 81 + -25 + -43
-54
What is the value of 1 + 49 + (-15694 - -15686)?
42
-1 - -7 - 17 - (-18 + -4 - 16)
27
What is (18 - 38) + (29 - (-11 - -4))?
16
Evaluate (59 - 58) + (0 - (-1 - 2)).
4
-5 - ((6 - (7 - 4) - (-18 - -20)) + -57)
51
Evaluate 692 + -698 - ((1 - 1) + -74 + (-1 - -4)).
65
Calculate -103 + 100 + (-26 + 3 - 3) + 9 + -5.
-25
126 + -15 + 26 + (-39 - -19)
117
Evaluate -23 + 7 + 33 - -24.
41
What is 6 + (-10 - (13 + -58) - 13) - (8 - 0)?
20
Evaluate 25 + (-17 - 16 - -48) + -19 + 2.
23
What is the value of 7 - -1 - (-25 + -50 + 86) - 15 - 10?
-28
Calculate -76 - (-17 - 92) - (0 - 58).
91
What is (-23 - (0 - 1)) + 474 + -396?
56
-131 - -74 - (5 + -11)
-51
What is 6 + 2 - -5 - ((15 - -70) + -21)?
-51
Evaluate -261 + -57 + 316 - (-65 - (0 - 0)).
63
Evaluate -136 + (140 - (60 + 23)).
-79
What is the value of -6 + 41 - (48 - 8)?
-5
What is -4 - (1 + 23 - 32) - -39?
43
(214 - 256) + 0 + 1 - -10
-31
Calculate -25 - 1 - (-152 - (178 - 342)).
-38
Calculate -2 + (-1 - -11) - (49 - 85 - -53).
-9
(-16 - -37) + (20 - (42 + -48))
47
15 - (1 + 70) - 3
-59
What is -153 - 0 - (-29 + -19 + 23)?
-128
What is -24 - (17 - (-46 + 23 - -29))?
-35
What is the value of -88 - (-20 + -50 + -67)?
49
69 - (96 - (0 - -36))
9
Evaluate 4 + 40 + 13 + (1 - (15 - 0)).
43
What is 21